/(5 - 3)) + 25 is divided by (-385)/(-22)*(-8)/z.
7
Suppose -19*t + 60 = -111. What is the remainder when 7611 is divided by t?
6
Let h = 11 - 2. Suppose -20*w = -10*w - 90. Let z(b) = 6*b - 20. What is the remainder when z(w) is divided by h?
7
Suppose -10*u + 25 = 5. Suppose -u*y - y + 31 = 2*s, 0 = 3*s + 4*y - 46. Let t = -19 + 24. Calculate the remainder when s is divided by t.
4
Let l be 0/(-2) + (39 - 1). Suppose 7*z - 394 + 219 = 0. Calculate the remainder when (8 + -3)*5/(z/l) is divided by 8.
6
Let r(w) = -w - 8. Let k = 68 - 184. Let v = -133 - k. Calculate the remainder when 51 is divided by r(v).
6
Suppose 2131*m = 2120*m + 2640. What is the remainder when 711 is divided by m?
231
Let g(s) = -s**3 - 13*s**2 + 30*s + 43. Suppose -5*d + 2*w - 75 = -w, 2*d + 30 = 6*w. What is the remainder when 65 is divided by g(d)?
22
Calculate the remainder when ((-105)/6)/5*88760/(-490) is divided by 176.
106
Suppose 0 = 4*h + 12, -7*w + 12*w - 6544 = 3*h. What is the remainder when w is divided by 10?
7
Suppose -51550 = -37*z - 44557. Suppose 275 = 3*n + 2*y, n - 97 = 3*y + 13. What is the remainder when z is divided by n?
94
Let i = -2251 + 2845. Calculate the remainder when i is divided by 35.
34
Let n = -16279 - -18131. What is the remainder when n is divided by 185?
2
Suppose 5*z - 114 = -i, -132*z - 60 = -i - 119*z. Let h(c) = c**2 + c + 26. Calculate the remainder when i is divided by h(0).
21
Suppose -8 = -4*a - 0. Suppose a*o + r - 129 = -31, 0 = -5*o - 4*r + 242. Calculate the remainder when 149 is divided by o.
49
Let a(c) = -242*c**2 - 18*c - 17. Let p be a(-1). Let n = p - -294. Calculate the remainder when n is divided by 27.
26
Suppose 3*u + 5*s + 131 = 0, 2*s + 0*s + 90 = -2*u. What is the remainder when (-10)/(-6)*(u + 86) is divided by 17?
14
Let o(r) = 2*r**3 + 153*r**2 + 71*r - 181. Calculate the remainder when 804 is divided by o(-76).
8
Let a(x) = -x**3 - 13*x**2 - 17*x - 12. Let w(d) = 315*d + 3680. What is the remainder when w(-11) is divided by a(-12)?
23
Suppose -3*h + 2*h = -16. Let r(g) = -g**3 + 12*g**2 + 48*g - 300. What is the remainder when r(6) is divided by h?
12
Suppose v + 4*v - 150 = -5*q, -5*v + 4*q + 168 = 0. Suppose v = o - 2*m, -4*o - 4*m = -o - 126. What is the remainder when 227 is divided by o?
37
Let i be -73*3/(-12) - 2/8. Let q = i + 49. What is the remainder when q is divided by 9?
4
Suppose l = -4*f - 468, -5*l - 2316 = 3*f - 7*f. Let r = -264 - l. Let b(w) = 2*w**3 - 5*w**2 + 2*w + 2. Calculate the remainder when r is divided by b(3).
13
Let p = 5426 - 5370. Calculate the remainder when 1341 is divided by p.
53
Let n(m) = -14*m - 3. Let f(o) = 41*o + 9. Let p(l) = -3*f(l) - 8*n(l). Suppose 330*q - 254*q - 988 = 0. What is the remainder when p(-6) is divided by q?
11
Suppose -4*o - d = -3*o + 169, 3*o - 4*d + 493 = 0. Let x = o + 196. Let q(p) = p**2 + 9*p - 7. What is the remainder when x is divided by q(-11)?
14
Let m = 25 + -12. Let l be 8/((-1)/(16/(-8))). Suppose l*i + 512 = 24*i. Calculate the remainder when i is divided by m.
12
Let g(l) = 17*l**2 - 139*l - 405. Suppose 30 + 38 = 2*q. What is the remainder when g(-3) is divided by q?
29
Suppose -60*j + 4*a + 2714 = -57*j, j - 3*a = 913. Calculate the remainder when j is divided by 100.
98
Calculate the remainder when ((-113)/(-4))/(15/(22 - -398)) is divided by 8.
7
Suppose -5*v = 305 - 705. What is the remainder when v is divided by 76?
4
Suppose -50*g = -46*g - 160. Suppose 5*j + g = 9*j. Suppose 5*p - 75 = -5*v, -2*p + 4*p = 2*v + j. Calculate the remainder when 69 is divided by p.
9
Let z = -12 - 292. Let s = z + 320. What is the remainder when 461 is divided by s?
13
Let l = -13280 + 13361. What is the remainder when 114 is divided by l?
33
Let a = 97 - 7. Suppose 9*f - 50*f = -90 - 33. Calculate the remainder when a is divided by f.
0
Let x = -2168 + 5273. Calculate the remainder when x is divided by 183.
177
Let h(d) = d**3 - 7*d**2 - 6*d - 4. Let w be 1 - -4 - (189 - -15). Let q = w - -228. What is the remainder when q is divided by h(8)?
5
What is the remainder when 792/352 - -6835*3/12 is divided by 33?
28
Let s(n) = n**2 - 16*n + 15. Let r be s(15). Suppose 2*y + r*y - 14 = 0. Suppose -y*q + 0*q = -119. What is the remainder when q is divided by 5?
2
Let i = -23529 + 23568. Suppose -131 - 145 = -2*a - 2*u, -4*u = -3*a + 393. Calculate the remainder when a is divided by i.
18
Let t be 1 + -2 + -2 + 2. What is the remainder when 58/(-10)*(-226 + 221) is divided by -1 + 9 + -1 + t?
5
Let l(p) = 65*p - 811. Calculate the remainder when 1778 is divided by l(14).
95
Let c(t) = -t**3 - 10*t**2 + t + 25. Let z be c(-10). Calculate the remainder when (-51)/z + 3 + 227/5 is divided by 16.
13
What is the remainder when ((-242775)/(-99) - (-21)/(-77))*2 is divided by 11?
9
Suppose 25 = -5*q, -4*q + 2 = 2*t - 12. Let d(r) = -r**2 - 13*r + 21. Let s be d(-7). What is the remainder when t is divided by s/(-27)*(-1 + -2)?
3
Let i = 3281 - 3275. What is the remainder when i is divided by 5?
1
What is the remainder when 146 is divided by (-336)/(-10) + (-105)/(-75) + -2?
14
Let a = 27 - 31. Let m(i) = i**3 - 11*i**2 + 8*i - 26. What is the remainder when m(11) is divided by ((-4)/10)/(a/320)?
30
Let x be (3/((-135)/5958))/((-4)/10). Let a = x - 95. Calculate the remainder when a is divided by 48.
44
What is the remainder when 525 is divided by (-10 + 2 - (6 + -2 - 514)) + -6?
29
Let k be (90/25)/(3 + 66/(-20)). Let t be (k/3 - -4)/1. Suppose t = -3*h + 4*h - 168. Calculate the remainder when h is divided by 43.
39
Let s(d) = 25*d**2 + 11*d - 40. Calculate the remainder when s(5) is divided by 209.
13
Suppose -333 = 4*s - 457. Let y = -25 - -27. Suppose -y*l + l + 21 = 0. What is the remainder when s is divided by l?
10
Let r = 49 - 42. Suppose -r*n + 16 + 817 = 0. What is the remainder when n is divided by 24?
23
Calculate the remainder when 3269 is divided by (-32)/(-10)*315/(-126)*-1.
5
Suppose -75*f + 221*f + 23010 = 276*f. Suppose 0 = 5*p + 2*n + n - 59, -5*n + 25 = p. What is the remainder when f is divided by p?
7
Suppose -5*o - 5*m = 3690, 1467 = -0*o - 2*o + m. Calculate the remainder when (-1)/2 + o/(-14) is divided by 9.
7
Let f = -44099 - -44102. Suppose -2*y - 3*y = -3*b - 42, -4*y - 4*b = -8. Suppose d + d = y. Calculate the remainder when f is divided by d.
0
Suppose -3*g + 5*n = -174 + 25, -5*n + 257 = 4*g. Calculate the remainder when g is divided by 42.
16
Calculate the remainder when 258 is divided by -1 + 276/(-12)*(-9 - -5).
76
Let j = 440 + -262. Let b = 1301 - 1289. Calculate the remainder when j is divided by b.
10
Let q(z) = 6*z + 652. What is the remainder when q(-29) is divided by 235?
8
Suppose 10 = 2*t - 2*u - 32, -3*t + 5*u + 47 = 0. What is the remainder when 1996 is divided by t?
24
Let h = 25300 + -25293. Calculate the remainder when 1/2*2*39 is divided by h.
4
Suppose 2495 + 1769 = 41*l. Suppose -276*h - l = -278*h. What is the remainder when h is divided by 21?
10
Suppose 0 = -4*q + 303 + 1. Let d(h) = 13*h - 15 - 18 + 0 - 18. Calculate the remainder when q is divided by d(6).
22
Let b(v) = -v**2 + 91*v - 1971. Let m = 8 + -4. Suppose 9 = 2*y + 3*q, 4*y - m*q = 2*y + 44. What is the remainder when b(52) is divided by y?
9
Let n(j) = 3*j**2 - 11 - 2*j - 2*j**2 + 13. Let f be n(2). Suppose 0 = -0*z - f*z + x + 190, 5*z = -3*x + 497. What is the remainder when z is divided by 11?
9
Suppose -5*i + 4*i - f = -26, -4*i = -f - 99. Calculate the remainder when 333 is divided by i + (-1 + 6 - -1).
23
Let l(p) = p**3 - 66*p**2 - 81*p + 1201. What is the remainder when l(67) is divided by 127?
9
Let b = -46 + 37. Calculate the remainder when (12 + -3)/(b/(-453)) is divided by 76.
73
Suppose 9*y - 10 = 4*y. Suppose y = 5*b + 17. What is the remainder when 79 is divided by ((-2)/b - 79/(-3))*1?
25
Suppose 3 = -14*q + 192 - 35. Calculate the remainder when 783 is divided by q.
2
Suppose -244 + 369 = -z. Let n = -108 - z. What is the remainder when 30 is divided by n?
13
Let c(n) be the third derivative of n**6/24 - 17*n**5/30 - n**4/6 + 80*n**2. What is the remainder when 41 is divided by c(7)?
20
Let c = 47118 - 38476. Calculate the remainder when c is divided by 247.
244
Let s(l) = l**3 + 40*l**2 + 37*l - 76. Let r be s(-3